 = -w*x, 2*x - 84 = n. Calculate the remainder when 169 is divided by x.
40
Suppose -1 = z + 1. Let w = 3 + z. What is the remainder when (-77)/(-84) - (0 - (-1)/(-12)) is divided by w?
0
Suppose 0 = 2*n + 3*n - 25. Let c be (-38)/(-9) + 2/(-9). Suppose -c*y - 5*y + 126 = 0. Calculate the remainder when y is divided by n.
4
Suppose -3*q = 63 - 306. Calculate the remainder when 239 is divided by q.
77
Let z = -24 + 86. Calculate the remainder when z is divided by 49.
13
Suppose -n + 132 = 4*m, 4*m + n - 3*n - 132 = 0. Suppose -5*s + 119 + 132 = 4*q, 133 = 2*q - 5*s. Calculate the remainder when q is divided by m.
31
Suppose 133 + 1 = 2*n. Let r = n + -60. Calculate the remainder when 18 is divided by r.
4
Let w = -16 - -19. What is the remainder when w + 30 - (3 + -5) is divided by 20?
15
Suppose -4*w - 26 = 3*t, 4*t - 3*w - 1 = -44. Let g = t - -33. What is the remainder when g is divided by (-1 - -2) + (-7)/(-1)?
7
Let n(j) = -4*j - 18. Let b be n(-5). Suppose -2*h - 3*h + 4*a = -620, 0 = -b*h - 2*a + 248. What is the remainder when h is divided by 14?
12
Suppose 10*g = 42*g - 4192. What is the remainder when g is divided by 39?
14
Suppose 0 = -12*d - 45*d + 684. Suppose l + 2*l - 81 = 0. Calculate the remainder when l is divided by d.
3
Suppose f = -3*f - 456. Let j(l) = -4*l**2 - 3*l + 6. Let v be j(-7). Let g = f - v. What is the remainder when g is divided by 14?
13
Suppose 20*s - 3*s = 1037. Calculate the remainder when s is divided by 11.
6
Let t = 5 + -5. Suppose t = -a - 4*n + 7, -2 = -2*a + 5*n - 1. Suppose 4 + 5 = a*v. What is the remainder when 5 is divided by v?
2
Calculate the remainder when 13/39*-12 + 32 is divided by -3*(-3)/(9/10).
8
Suppose -6*k - 7 = -d - 5*k, -2*d = -6*k - 22. Calculate the remainder when 164 is divided by d.
4
Let d(f) = -f**3 + 8*f**2 + 13*f - 2. Let j be d(9). Let p = -71 + j. Let l = -8 - p. Calculate the remainder when 85 is divided by l.
27
Suppose 2*w + 38 = 96. Suppose 0 = -3*x + d + 26, -d + 28 = 2*x + d. What is the remainder when w is divided by x?
9
Suppose 2*i = 5*v - 38, 4*i + 43 = i + 4*v. Let w(b) = -b**2 - 9*b + 11. Suppose -2*f + 64 = -0*f. What is the remainder when f is divided by w(i)?
10
Let k be (-1)/((-3)/(16 + -1)). Suppose -2*l = -2*d - d + 59, -31 = -3*d - k*l. Calculate the remainder when 25 is divided by d.
8
Suppose 2*c = 3*c - 13. What is the remainder when ((-256)/28 + 10)/((-3)/(-126)) is divided by c?
10
Let q(w) = -2*w**3 - 5*w**2 - w + 4. Suppose 20*m - 127 = 1133. What is the remainder when m is divided by q(-3)?
15
What is the remainder when 2/(-1 + -1 - 16/(-7)) is divided by 7?
0
Suppose 859*f - 44 = 855*f. Calculate the remainder when 43 is divided by f.
10
Suppose -35*b = -590 - 1440. Calculate the remainder when b is divided by 1.
0
Let b be (-10)/(-20) - 31/(-2). Let i(o) = 5 + 3 - b + 2*o + 6. What is the remainder when i(3) is divided by 1?
0
Let m(s) = 3*s**2 + 3*s + 4 + 0 + 1. Suppose -4*f = -7*f + 123. Calculate the remainder when f is divided by m(-2).
8
Suppose -59 = -f - 2*q, 0*f - q = 5*f - 295. Suppose f + 94 = 3*o. Calculate the remainder when o is divided by 27.
24
Let d(s) = s**2 - 9*s + 38. Let o = -50 + 54. What is the remainder when 33 is divided by d(o)?
15
Let x = 38 - -71. Let q be x + -1 - (3 + -6). Suppose -5*r + 5 = 0, 4*l + r - q = -2*r. What is the remainder when l is divided by 14?
13
Let x = 10 - 2. Let l be -1*23/2*-18. Suppose -x = -5*u + l. What is the remainder when u is divided by 23?
20
Suppose 0 = 2*p + p - 96. Suppose 242*y = 229*y + 2470. Calculate the remainder when y is divided by p.
30
Let z(l) = -18*l + 4. Suppose -w = 2*w + 9. Suppose -g = -4*r + 57, 4*r + 5*g - 34 - 41 = 0. What is the remainder when z(w) is divided by r?
13
Let d(f) = -f - 5. Let g be d(-6). Let w be 1 + g - (-9 - 2). What is the remainder when (-38)/(-8)*(w - -7) is divided by 24?
23
Suppose -6*l + 1 = 25. Let w(h) = h + 4. Let p(b) = 3. Let c(s) = 3*p(s) - 4*w(s). Calculate the remainder when 24 is divided by c(l).
6
Suppose -2*q + 68 + 276 = 0. Let y(f) = 152*f - f**2 - 9 - q*f - 1. Calculate the remainder when y(-10) is divided by 23.
21
Suppose 0 = -4*f - 4*n + 8*n + 384, -4*n = -2*f + 188. Calculate the remainder when f is divided by 27.
17
Let c(t) = 14*t**2 + 2*t. Let m be c(-2). Let b = -22 + m. Suppose -b = -3*u + 4*h, 3*u + 0*u = 3*h + 30. What is the remainder when 37 is divided by u?
7
Suppose -4 + 16 = 2*k. Let v(s) = s**2 - 7*s + 3. Let u be v(5). What is the remainder when (1*2)/(u - (-815)/115) is divided by k?
5
Let g(x) = -2*x**2 + 47*x + 83. What is the remainder when 47 is divided by g(25)?
7
Let k be ((-6)/(-9))/((-1)/15). Suppose -4*y + 13 = -3*a - 6*y, 0 = a + 2*y + 3. Calculate the remainder when (-104)/a - 2/k is divided by 8.
5
Let f(t) = 3*t**3 + 4*t**2 + 6*t + 5. Let y(r) = -r**3 + r**2 + 1. Let b(u) = f(u) + 2*y(u). What is the remainder when 4 is divided by b(-5)?
0
Let k(b) = 4*b**3 + 2*b**2 - 2*b + 1. Let g be k(1). Suppose g*y - 4 = 56. Calculate the remainder when 35 is divided by y.
11
What is the remainder when 12543/(-185)*(-35)/3 is divided by 44?
43
What is the remainder when 580 is divided by (-3)/(-4)*-2*(-11932)/114?
109
What is the remainder when 199 is divided by (-2)/(((-12)/(-67))/(-6))?
65
Let m(f) = f**2 + 9*f - 17. Let n be m(-13). Let d = 51 - n. What is the remainder when 27 is divided by d?
11
Suppose 0*l + 50 = 2*l - m, -5*m + 88 = 3*l. Calculate the remainder when l is divided by 8.
2
Let y(t) = -267 - t**2 + t**3 + 130 + 2*t + 149. Calculate the remainder when 27 is divided by y(0).
3
Let h = 23 + -21. Suppose -7 - 33 = -4*i - 4*c, h*i + 4*c = 14. Let d = 13 - 9. What is the remainder when i is divided by d?
1
Suppose -6*g = -46 - 560. Calculate the remainder when g is divided by 6.
5
Suppose 0 = 3*h - 7*h - 4*i - 268, 5*h - i = -347. Let g = h - -128. Calculate the remainder when g is divided by 12.
11
What is the remainder when 226 + ((-30)/18)/((-5)/15) is divided by 48?
39
Suppose 5*t + j - 194 = 0, 5*j = t + 2*t - 122. Let i = -79 + 84. Let l = 16 + i. Calculate the remainder when t is divided by l.
18
Suppose -1456 = -11*o + 678. What is the remainder when o is divided by 49?
47
Let n = -62 + 67. What is the remainder when 78 is divided by 12*(0 + 2) + n?
20
Let g be 1/(-7) + (-268)/(-14). Suppose -91 = -5*t + g. Calculate the remainder when t is divided by 13.
9
Let t = -4 + 16. Let p be (7 + 1)*-1 + -3. Let n = 12 - p. Calculate the remainder when n is divided by t.
11
Let q(u) = 655*u**2 + u - 1. Calculate the remainder when q(1) is divided by 73.
71
Let o(q) = -15*q + 49. Let v = 35 - 25. What is the remainder when o(0) is divided by v?
9
Let p be (-8)/(-14) - (-2424)/21. Suppose y - p = 88. Suppose -u + y = 5*u. What is the remainder when 67 is divided by u?
33
Suppose 1075 + 56 = 29*t. What is the remainder when t is divided by 35?
4
Let p(c) = -4*c + 18. Let i(h) = -h**3 - 5*h**2 - 4*h - 6. What is the remainder when p(-9) is divided by i(-5)?
12
Let r = -264 - -142. Let x = r + 139. Calculate the remainder when 28 is divided by x.
11
Let h(d) = 0*d + 0*d + 0*d - d - 6. Let n be h(-10). Suppose 0 = -a - n*l + 24, -4*a + 2*a + 5*l = -22. Calculate the remainder when 47 is divided by a.
15
Suppose -50*h + 21*h + 1392 = 0. Calculate the remainder when 186 is divided by h.
42
What is the remainder when 83 is divided by (-438)/73 + (29*-1)/(-1)?
14
Let s(u) = u**3 + 5*u**2 - 5*u + 8. Let x be s(-6). Calculate the remainder when 32 is divided by (-7)/(-14) + 33/x.
15
Let o be (-512)/(-1 + -3) + -5. Let t = -99 + o. What is the remainder when t is divided by 14?
10
Let a(s) = -2*s**2 - 45*s - 18. Let b be a(-21). What is the remainder when (-3*(-12)/b)/(10/775) is divided by 11?
7
Suppose 629*t = 622*t + 70. What is the remainder when 347 is divided by t?
7
Let y = -147 + 166. Calculate the remainder when 39 is divided by y.
1
Let w(r) = -2*r**2 + 31*r + 213. Calculate the remainder when 22 is divided by w(-5).
6
Let d be (-21)/(-28)*(-4)/(-3). Suppose 24 = b + d. Let r = -94 - -137. What is the remainder when r is divided by b?
20
What is the remainder when 60 is divided by -12 - (15 - 85) - (1 - -5)?
8
Let k(u) = u**2 - 2*u - 155. What is the remainder when 98 is divided by k(-13)?
18
Le